Let w(y) = -2*y. Let s(k) = -3*k - 8. Let u(b) = 10*b + 25. Let v(d) = 7*s(d) + 2*u(d). Let x be v(-3). Calculate w(x).
6
Let d(o) be the third derivative of 7*o**4/12 - o**3/6 + 3*o**2. Let q(n) = 5*n. Let r(g) = -4*d(g) + 11*q(g). Determine r(4).
0
Let f be 28/3 - 2/6. Suppose 7*n - 4*n = f. Let o(m) = -m - 3*m**2 + 2 + m**3 - m + m. Give o(n).
-1
Let n(t) = 6 - t**2 - t - t - t. Let c(k) = k**3 - 11*k**2 + 2*k - 16. Let f be c(11). Suppose -f*i + z = -i + 29, 0 = -4*z + 16. Give n(i).
-4
Let b(p) = -3*p**3 - 2*p**2 - p. Let l be (-4)/(-6)*30/4. Let d = 20 + -16. Let u = d - l. Calculate b(u).
2
Let l(w) = 0*w - 432 - w + 432. What is l(-1)?
1
Let s = -8 - -6. Let p be (-3 - 5)*s/(-4). Let n(i) = i**2 + 3*i + 6. Give n(p).
10
Let q = -3 - -5. Suppose 3*b - q*b = 3. Let f be 20/12 - 2/b. Let j(l) = -7*l**3 - 2*l**2 + 1. What is j(f)?
-8
Let g(t) be the first derivative of t**4/4 + t**3 + 3*t**2 + 5*t - 3. Let h(k) = 2*k**3 + 3*k**2 + 7*k + 5. Let q(l) = 3*g(l) - 2*h(l). What is q(4)?
5
Let w(r) = -2*r + 1. Let o(p) = 4*p. Let u be o(-1). Determine w(u).
9
Let n(d) = 3*d - 6. Let m(h) = 9*h - 17. Let r(y) = -4*m(y) + 11*n(y). Let t be (-3 - -4)/((-1)/(-4)). Give r(t).
-10
Let v(a) = -a + 6. Let c(w) = -1. Let p(h) = -6*c(h) - v(h). Determine p(-7).
-7
Let x(d) = d**3 + 5*d**2 + 3*d. Let w be 29/(-3) - (-6)/9. Let m = w + 5. Give x(m).
4
Let f(p) be the third derivative of -p**5/60 - p**4/12 + 7*p**3/6 + 11*p**2. Give f(-5).
-8
Let c(f) = 5*f**3 + 4*f**2 - 3*f + 4. Let g(t) = t**3 + t**2 - t - 1. Let r(a) = -c(a) + 4*g(a). Give r(0).
-8
Let c(k) = k**2 - k + 1. Let n(j) = 5*j**2 - 4*j + 10. Let q(l) = -6*c(l) + n(l). Suppose -4*d + 16 = -0. Give q(d).
-4
Let k(g) be the second derivative of g**3/6 + g**2 + g. What is k(2)?
4
Let i be -1*0/(-2 + 0). Suppose 2*b + i = 4. Let l(p) be the second derivative of -2*p**3/3 + p**2 - 2*p + 68. Determine l(b).
-6
Let u(w) = -w + 5. Let j = 2 - 0. Let d(q) = 3*q - 2 + 2*q**j - q**2 - 2*q. Let h be d(-2). Calculate u(h).
5
Let y(a) be the second derivative of 1/2*a**2 - 1/60*a**5 + 1/2*a**3 + 0 - 1/6*a**4 + 2*a. Let j(v) be the first derivative of y(v). Give j(-5).
-2
Let f be (-4)/(-6) + 4/3. Let r(s) = -5*s - 6. Let d(u) = 6*u + 7. Let a(l) = 4*d(l) + 5*r(l). Let v(h) = h + 3. Let m(t) = 6*a(t) + 4*v(t). Calculate m(f).
-4
Let c(u) be the second derivative of u**3/6 - u**2 + 2*u. Let t = 0 - 4. Let p = t - -8. Give c(p).
2
Let t(n) = 2*n**2 - n + 1. Let w(o) = 5*o**2 - 3*o + 3. Let v(k) = 17*t(k) - 6*w(k). Let y(b) be the first derivative of v(b). Give y(1).
9
Suppose 4*t = -4*l + 52, -4*l + 15 = 5*t - 38. Suppose 4 = -4*c - 3*v, 7*c - l = 3*c + v. Let y(s) = 3 + s + s**3 + s**2 - 4*s**c + 4*s**2 + s. Give y(-2).
-5
Let l = -5 + 13. Let b = -5 + 7. Let g(n) = 0*n + 1 + n**b + 6*n + l - 2. Calculate g(-5).
2
Let g(s) = -2*s**3 + 2*s**2 + s. Suppose 7*o + 2*j - 12 = 3*o, 0 = -2*o + 2*j. Give g(o).
-6
Suppose -2*w + 2 = 2*k, -3*k = -0*k - 15. Let j(g) = -g + 1. Determine j(w).
5
Let o(s) = 5*s + 0*s - s**2 + 0*s**2. Let y = 0 - -1. Suppose -d = y - 5. Determine o(d).
4
Let l(m) = -m**3 + 2*m + 3. Suppose 3*t - 9 = -5*b, 2*t - 3*b + 3 = 3*t. Suppose -y = -6*y + 20, -2 = -t*z - 2*y. Calculate l(z).
7
Let s(h) = -5 + h**2 + 4 + 4 + 4 + 5*h. What is s(-5)?
7
Let q(k) = 2*k**3 - 2*k**2 - 2*k. Let c be q(2). Let i(b) = -b**2 + 4*b + 2. What is i(c)?
2
Let z be (-6)/(-4) - (-5)/10. Let k(q) = -2*q + z + 2*q + 0*q + 2*q. Suppose 0 = -t + 2*y - 5, 1 = -t - 0*y + y. Determine k(t).
8
Let j(z) = -6*z**2 + 6*z + 7. Let f be j(-1). Let y(d) = d**3 + 5*d**2 + 2*d - 2. Determine y(f).
-12
Let j(f) be the second derivative of -f**7/1260 - f**6/180 - f**4/4 - 3*f. Let z(d) be the third derivative of j(d). Give z(-3).
-6
Let t(l) = 2*l + 4. Let c(g) = 3*g + 6. Let f be c(-4). Calculate t(f).
-8
Let o be 6 + (-3 + 2)*1. Let d = 5 + -3. Let y(x) = -x - o*x**3 + 2*x**3 + d*x**3 + 1 + x**2 + 4*x. Calculate y(3).
-8
Let r(g) = -g**2. Let u(j) = j + 3. Let s(o) = -2*r(o) - u(o). Let h(l) be the first derivative of s(l). Give h(1).
3
Let a(g) = -g**2 - 1 + 1 + 4*g - 2. Suppose 4*p - p = 0. Suppose p = -3*s - s + 8. Calculate a(s).
2
Let b(g) be the first derivative of g**6/120 + g**5/12 - g**4/8 - g**3 + g**2 + 2. Let k(x) be the second derivative of b(x). Determine k(-5).
9
Let n(h) be the first derivative of 3*h**2 + 2*h - 29. Calculate n(2).
14
Let c(a) be the second derivative of -a**6/120 - a**5/20 + a**4/12 - a**2/2 - 3*a. Let y(s) be the first derivative of c(s). Calculate y(-3).
-6
Suppose 2*b - 20 = 12*b. Let t(f) = f**3 + f - 3. Let x be t(0). Let p be x + (0 - 3 - b). Let o(z) = -z**3 - 5*z**2 - 5*z. Determine o(p).
4
Suppose 0 = 4*c + 4, 0 = -2*h + h + 3*c - 4. Let f be (h + 9)/(1/(-2)). Let s(x) = -x**2 - 6*x - 1. Calculate s(f).
7
Suppose 4*a - 10 - 2 = 0. Let g(m) = 2*m - 4. Let i be g(a). Let j(s) = -s**3 + 2*s**2 + 2*s - 3. Let w be j(i). Let o(p) = 5*p + 1. Give o(w).
6
Suppose 3*a = 4*a. Suppose 0 = -a*s - 2*s - 2. Let y(v) = -1 - 8*v + 0 + 12 - 12. Determine y(s).
7
Let c(j) be the second derivative of j**3/3 - 9*j**2/2 + j. Suppose 3*n - 11 = 4*w - 35, 2*w + 3*n = 12. Determine c(w).
3
Suppose -j + 14 = 4*j - 3*r, 0 = -j + 4*r - 4. Suppose -13 = j*l + 7. Let p(g) = -g + 2 + g**2 - 1 - 2 + 6*g. Calculate p(l).
-1
Let b(c) = -c + 7. Let m = -128 - -134. What is b(m)?
1
Let n(f) = f - 5. Suppose 2*k + 2*p = 10, 2*k - 2*p = 5 + 17. Let c be n(k). Let d(a) = 0 - 4*a - a**3 + 0 + 4*a**2. Determine d(c).
-3
Let y(t) = t + 0*t + 20 - 8. Give y(-7).
5
Let s(c) be the third derivative of c**5/20 + c**4/8 + c**3/6 - 9*c**2. Give s(-2).
7
Let v(i) = -i**2 - 2*i + 3. Let r be ((-36)/15 - -4)*5. Let d = -13 + r. Give v(d).
-12
Let g(b) = 1 - 2 - 4*b + 2 + 8*b - b**2. Let d be (-3)/9 - 16/(-3). Give g(d).
-4
Let h(q) be the second derivative of 7*q + 0 + 1/6*q**3 - q**2. Calculate h(-4).
-6
Suppose j = 0, -3*t - 3 = j + 4*j. Let k(x) = -5*x + 4. Let s(l) = l - 1. Let u(d) = k(d) + 3*s(d). Give u(t).
3
Let y(j) be the third derivative of j**4/6 - j**3 + j**2 + 4*j. Calculate y(7).
22
Suppose -12 = -i + 4*j + 15, 0 = 4*i + 3*j - 13. Let l(u) = -u - 3. Determine l(i).
-10
Let d(c) = c**2 - 3*c - 2. Let y(t) = -t + 12. Let g be y(8). Calculate d(g).
2
Let f(r) = -3 + 0*r - 2*r + r. Let d be f(-6). Let w(i) = i**2 + 3 + 6*i + 2*i - d*i. Give w(-4).
-1
Suppose 5*p = l + 3, 3*l = -4*p + 14 - 4. Let d(s) = p + 6 - 3*s - s**2 - 2*s. Let w(m) = -m**2 - 21*m - 25. Let c be w(-20). Determine d(c).
7
Let u(z) = 0 + 2 + 0*z - z**3 + 6*z**2 - 6*z. Let l = 6 - 1. What is u(l)?
-3
Let j = 18 + -19. Let b(i) = 4*i**2 + i. What is b(j)?
3
Let q(l) be the second derivative of l - 1/6*l**3 + 0 - 5/2*l**2. Determine q(0).
-5
Let y be 11/3 + (-4)/6. Let b(w) be the second derivative of 0 + 1/2*w**2 + 2*w + 1/6*w**y. Calculate b(-5).
-4
Let o(j) = -j**2 + j. Let h be (-18)/(-21)*(-7)/(-2). Suppose 0 = -h*d - t + 3, t - 3 = -8*d + 4*d. What is o(d)?
0
Let f(d) = d**2 + 5*d + 4. Let g be f(-5). Let o(w) be the first derivative of -1/2*w**2 - g*w + 2. Calculate o(-5).
1
Let f(m) = -m - 7. Let l(b) = b**2 - 8*b + 10. Let a be l(9). Let u = -23 + a. Determine f(u).
-3
Let g be ((-2 + 1)/1)/1. Let z(n) = 6*n + 2 - 1 + 3*n. Calculate z(g).
-8
Suppose 0 = -5*v - 2*m + 23 + 17, 0 = -v - 5*m - 15. Suppose w - 6*w + 5*y = v, 0 = -3*w - y + 14. Let h(p) = p**3 - 2*p**2 - 4. Determine h(w).
5
Let c(h) = -2*h - 6. Let z be c(-5). Suppose -2*l = 4*m - 16, 3*l - z*m + 5 = -1. Let o(k) be the third derivative of 7*k**4/24 - k**3/2 + 2*k**2. Give o(l).
11
Suppose 5*y + 34 = 3*g, 5*g - 10 = 3*y - 4*y. Let o(v) = v**2 + 5*v. Calculate o(y).
0
Suppose 72*y = 68*y. Let o(d) be the first derivative of -d**2/2 + 3*d + 1. Calculate o(y).
3
Let r(m) be the third derivative of m**6/360 - m**5/40 + m**4/6 + 3*m**2. Let v(l) be the second derivative of r(l). What is v(-6)?
-15
Suppose h - 8 + 0 = 4*o, 3*h - 10 = -2*o. Let c(x) = 2*x**2 + x**2 - 5*x + 2*x**2 - 3*x**2 - 4. Give c(h).
8
Let p(w) = w**3 + 6*w**2 + 4*w - 1. Let g be p(-5). Let h(q) = 3 - g - 11*q + 4*q. What is h(1)?
-8
Let g(u) = -u + 4. Suppose x - 4*x - j = 23, -3 = x + 5*j. Let n(d) = d**3 + 9*d**2 + 7*d - 2. Let t be n(x). What is g(t)?
-2
Let n(l) be the second derivative of -6*l + 1/6*l**3 + 0 - 1/2*l**2.